hat is the remainder when v is divided by 20?
17
Suppose f - 17 = 12. Calculate the remainder when 11739/(-1183)*26/(-3) is divided by f.
28
Let q(x) = -x**3 + 11*x**2 + 45*x - 473. Calculate the remainder when 348 is divided by q(9).
66
Calculate the remainder when 1816 is divided by (-924)/(363/(-11)) + 3*-1.
16
Suppose 0 = 5*d - 5*t + 95, 2*t = 2*d - t + 43. Suppose 17*v - 22*v + 525 = 0. What is the remainder when v is divided by (9 + -2)*(-24)/d?
9
Suppose 3*v = q + 724, -2*q = -v - 13 + 261. Suppose 7*w - v = -17*w. Calculate the remainder when 59 is divided by w.
9
Let r = 7 + 18. Suppose -10 = -0*i - i + 3*m, -2*m - 102 = -5*i. Suppose 0 = -3*w + i + 20. What is the remainder when r is divided by w?
11
Suppose 165*f + 408 + 1524 = 193*f. Calculate the remainder when 436 is divided by f.
22
Let n = 1665 + -764. Let z = -670 + n. What is the remainder when z is divided by 17?
10
Let h = 77 + -37. Let p = h + -48. What is the remainder when 39 is divided by (-288)/(-21) + p/(-28)?
11
Calculate the remainder when 1024 is divided by 10/14*3276/195.
4
Let v = -49 - -133. Calculate the remainder when -1*20522/806*-13 is divided by v.
79
Suppose -2 = -5*m - 5*c + 28, -3*c + 2 = m. Calculate the remainder when (0 + 95)*6/15 is divided by m.
6
Let r(l) = -l**2 + 8*l - 10. Let n(x) = 0*x**2 + 332 - 9*x + x**2 - 322. Let f(k) = -3*n(k) - 4*r(k). What is the remainder when 147 is divided by f(5)?
7
Let f = -495 + 496. What is the remainder when 61 is divided by (f/(-1))/(8/((-1024)/8))?
13
Let b = -11 + 35. Suppose -3*p = 9, -3*p - 6 = -3*c + 4*c. Suppose -5*y = 2*j + 105 - 342, -y = c*j - 50. Calculate the remainder when y is divided by b.
23
Let t be 3 + (-8 - 4/(-8)*0). Let u be (-2)/t + 24*(-3)/(-45). Suppose -u*p + 116 = -2*r, -p + 4*r = -5*p + 232. What is the remainder when p is divided by 30?
28
Let x = 614 + -189. Suppose -x = -18*j + j. What is the remainder when 748/6 - (-2)/(-3) is divided by j?
24
Suppose 2*y + 6 = 0, 4*a - 484 = 3*y - 123. Suppose 10*c - 2 - a = 0. Let n(l) = l**2 - 24*l + 31. Calculate the remainder when c is divided by n(23).
1
Let g(a) = -a**2 - 12*a + 755. Calculate the remainder when 146 is divided by g(22).
6
Let g(u) = 23*u**2 - 22*u + 90. What is the remainder when g(4) is divided by 30?
10
Let u(l) = -3*l**2 - 49*l + 75. What is the remainder when u(-14) is divided by 11?
8
Let b(m) = 238*m - 185. Let p be b(4). Let q = p - 727. Calculate the remainder when 89 is divided by q.
9
Suppose 0 = 9*c - 0*c + 72. What is the remainder when 22 is divided by ((-2)/c*-6)/(2/(-4))?
1
Suppose 0 = -4*l - 2*s + 84, -68*l + 66*l = 5*s - 34. Calculate the remainder when 80 is divided by l.
14
Suppose 3*h - 2883 = 181*n - 178*n, 0 = -5*h + n + 4825. What is the remainder when 973 is divided by h?
7
Suppose 4*g + 44 = -56. Let f(y) = -32*y**3 + y**2 + 3*y + 2. Let u be f(-1). Let w = u + g. Calculate the remainder when 17 is divided by w.
3
Let c(h) = -2*h - 5. Let i = -68 + 63. Let g be c(i). Let l(u) = u**3 - 3*u**2 + 2*u - 9. What is the remainder when l(g) is divided by 26?
25
Let t(g) = g + 41. What is the remainder when 108 is divided by t(6)?
14
Let k(g) = -50*g + 63. Let h be k(-9). Suppose 0 = l - 5 + 2, -5*w - l + h = 0. What is the remainder when w is divided by 27?
21
Let m(f) = -f**3 + 6*f**2 - 41*f - 309. What is the remainder when 1848 is divided by m(-6)?
3
Let m = 13815 + -11338. Calculate the remainder when m is divided by 42.
41
Suppose 0*c = 4*c - 3*m - 168, 3*m - 144 = -4*c. Let y(k) = -13*k**3 + 100*k**2 + 45*k + 10. Calculate the remainder when y(8) is divided by c.
36
Let j = -82 - 69. Let v = j + 156. Calculate the remainder when 24 is divided by v.
4
What is the remainder when (1/(-2))/(1/(-1218)) is divided by ((1345/80 - 5) + 21/(-336))*4?
45
Suppose -2*l + 5*t + 1355 = 3*l, -t = l - 279. Let w = 289 - l. What is the remainder when w is divided by 6?
2
Suppose -3*a + b = -72, -4*a + 8*a - 98 = 2*b. Let j = 32 + -24. Suppose 0 = -5*o + 32 + j. Calculate the remainder when a is divided by o.
7
Let d be ((-126)/8)/((-5)/(-20)*1). Let y = -57 - d. Suppose -y*r = -5*r - 34. Calculate the remainder when 133 is divided by r.
31
Let x(u) = u**2 - 2*u + 5. Let k be x(6). Suppose r + 12*w - 11*w = k, -5*r + 140 = 4*w. What is the remainder when 117 is divided by r?
21
Let g = 10 + -5. Suppose -5*q + 161 = -0*q + 4*r, 5*q - g*r - 170 = 0. Calculate the remainder when q is divided by 23.
10
Suppose -3*w = -y - 4, -4*y + 6*y + 8 = 2*w. Suppose 0 = -2*k - w*k. Suppose k = -6*r + 8*r - 46. What is the remainder when r is divided by 13?
10
Let a(l) = l**3 - 31*l**2 - 65*l - 4. Let n be a(33). Suppose r + 2*s = n, -2*r - 5*s - 3 = -58. What is the remainder when 69 is divided by r?
34
Suppose 37*h + 53*h - 9000 = 0. Calculate the remainder when h is divided by 37.
26
Let m(v) = v**2 - 1049*v + 31571. Let w(u) = -387*u**3 - u**2 + 1. Calculate the remainder when w(-1) is divided by m(31).
10
Let a(c) = -44*c - 4. Let n(i) = -i**3 - 8*i**2 - 15*i - 57. Let z be n(-7). What is the remainder when 85 is divided by a(z)?
5
Suppose -5*g - 2*f + 1537 = 0, g - 5*f - 1256 = -3*g. Let p = g + -200. Calculate the remainder when p is divided by (4/(-5)*24/16)/(3/(-70)).
25
Suppose -410*m + 1355292 = -9822128. Calculate the remainder when m is divided by 16.
14
Let w = -3342 - -3396. What is the remainder when 255 is divided by w?
39
Calculate the remainder when 85 is divided by -28*5/(-3 + (-35)/(-28)).
5
Suppose 49*f - 55*f = -414. Calculate the remainder when 329 is divided by -1 + f + 1 - (-18 - -21).
65
Calculate the remainder when 1368/(-3)*(-46 + 42) is divided by 29.
26
Suppose 0 = 5*h + 4*r - 2698, -4*h + 675 = -r - 1496. What is the remainder when h is divided by 180?
2
Let x(g) = 914*g - 1106. What is the remainder when x(3) is divided by 82?
78
Suppose 35 = 5*z - 65. Suppose 3*n - n - 10 = 0. Suppose -4*g = 4*x - 36, g = -3*x + n*g + z. What is the remainder when 27 is divided by x?
3
Let x(p) = -p**2 - 12*p + 21. Let q be x(-12). Let k = q + 22. Let n = k + -26. What is the remainder when 59 is divided by n?
8
Calculate the remainder when 6655 is divided by (9 - -1 - 2/(-2)) + 306.
315
Suppose -3*l + f = 42 - 44, 4 = f. Calculate the remainder when 544 is divided by l.
0
Let a(x) = -x**3 + 6*x**2 - 5*x - 1. Let t be a(5). Calculate the remainder when 0 + -4 + 32 + t - 4 is divided by 15.
8
Let v = 1113 - 1109. Calculate the remainder when 255 is divided by v.
3
Suppose 3*b = -2 + 23. Suppose 22*s - 60 = 50. Suppose 16 = s*a - 5*h - 69, 4*h + 85 = 5*a. Calculate the remainder when a is divided by b.
3
Let m = -188 - -189. What is the remainder when (7 + 831/(-6))/(m/(-2)) is divided by 44?
43
Let q(m) = m**3 + m**2 - 8*m - 4. Let z be q(-3). Suppose z*l = -n + 107, 4*n = -n - 5. Calculate the remainder when l is divided by 28/(-42) - (-62)/3.
14
Let o(v) = 10*v**2 + 120*v + 25. What is the remainder when o(-15) is divided by 134?
73
Let v(k) = -14*k**2 + 119*k + 39. Calculate the remainder when 598 is divided by v(8).
28
What is the remainder when -3130*((-175)/10 + 17) is divided by 87?
86
Let y(o) = o**2 + 6*o + 2. Let j be y(-6). Suppose 0 = 4*c - 8, 2*p - j*c - 2*c - 130 = 0. Let w = -45 - -59. Calculate the remainder when p is divided by w.
13
Let t = -12591 - -12612. Calculate the remainder when (-205)/(-3) - 1/3 is divided by t.
5
Suppose 5*f - 1317*b - 7022 = -1320*b, 0 = -4*f - 5*b + 5602. What is the remainder when f is divided by 1402?
6
What is the remainder when 339 is divided by (-2)/(-10) + (-57368)/(-710)?
15
Suppose 4*y = 3*w - 1 + 18, 2*w + 23 = 5*y. Suppose 0*v - y*v = 0. What is the remainder when 31 is divided by 4/(-16)*v + 8?
7
Let i = -1150 + 1220. Calculate the remainder when 140 is divided by i.
0
Calculate the remainder when 158 is divided by (-1)/6*-15*2948/110.
24
Suppose -25*n - 2178 = -9053. What is the remainder when n is divided by 45?
5
Suppose 3*w = 5*w + 4*o - 20, 76 = 5*w - 3*o. Suppose -u = 2*g - 6, g - 14 = -3*u + w. What is the remainder when u is divided by 9?
1
Let f(q) = 6*q**2 + 15*q + 32. Let j be f(-3). Suppose -d + j = -3*b, -4*b + 57 = d + b. Calculate the remainder when d is divided by (-6)/9*(-12 + 0).
7
Suppose -3*o - 2 = s, 4*s - 48 + 5 = 5*o. Calculate the rema